of h**6/120 + 3*h**5/20 - 5*h**4/12 - h**3/3 + 16*h**2 - 1. What is l(d)?
-2
Let k(n) = 0*n + 2*n**3 - 2269 + 2267 - 3*n**3 - 2*n. Calculate k(-2).
10
Let p(r) = r**2 - 7*r - 4. Let t be p(6). Let u = 15 + t. Let c(x) = x**2 + 7*x + 1. Let q(o) = -o**2 - 7*o - 1. Let b(k) = u*q(k) + 6*c(k). Give b(-7).
1
Let w(c) = 3*c + 1. Let z be w(1). Suppose -q = z*q. Suppose q + 32 = -4*d + 2*u, -22 = 3*d - u. Let h(k) = k**2 + 6*k - 5. Determine h(d).
-5
Let o(v) = v + 1. Let k(d) = -6*d**2 - 8*d - 9. Let q(r) = -r**2 - r - 1. Let s(u) = k(u) - 5*q(u). Suppose 0 = -2*j + 9*j + 21. Let t be s(j). What is o(t)?
-3
Let r(p) = -3 - 3*p**3 + 9*p**2 + 8*p + 4*p**3 + p**2 + 22. Let g be r(-9). Let m = g - 26. Let w(x) = -2*x**2 + x + 1. Give w(m).
-5
Suppose -2*g = -5*g + 3. Suppose -g = -3*o + 8. Let k(u) = 5*u + 0*u**2 - u**2 + o + u + 0*u. Calculate k(6).
3
Suppose 0 = g - 16 + 15. Let y(o) be the second derivative of o**3/3 + o**2/2 - 16*o. Give y(g).
3
Let i(u) = -11*u + 21 + 20 - 66 + 18 + 14*u. Calculate i(7).
14
Let x be 1/(-8) + 18765/(-216). Let y = -87 - x. Let a(w) = w**2 + w - 17. Determine a(y).
-17
Let j(t) = t**2 - 8*t. Let v(s) = s - 20. Let c be v(29). Give j(c).
9
Let q(i) = 17*i**2 + 2*i - 1. Let l(c) = 5*c**2 + c - 1. Let p(w) = -2*l(w) + q(w). What is p(1)?
8
Let g(j) be the first derivative of 0*j**2 - 1/4*j**4 - 8*j - 8/3*j**3 - 23. What is g(-8)?
-8
Let f(p) = -p**3 + p**2 - p - 23. Suppose -44 = -7*a - 9. Suppose -a*o + 0 + 0 = 0. Give f(o).
-23
Let r(m) = -14*m + 16 - 12*m + 25*m. Let t(k) = 17*k - 1. Let b be t(1). Let l be r(b). Let x(s) = -s**2 + s + 10. Calculate x(l).
10
Suppose 5*b + 4*b = 18. Let z(h) be the first derivative of -4/3*h**3 + 1/4*h**4 + 3 - 1/2*h**b + h. Calculate z(4).
-3
Let s(v) = -20*v**3 + 19*v**3 - 3 - 7*v**2 + v**2. Suppose -2*o - 22 = 3*w - 4*o, -3*w + o = 17. Let a(m) = 3*m + 6. Let d be a(w). What is s(d)?
-3
Let n(t) be the third derivative of t**5/60 - t**3/3 + 77*t**2. What is n(-3)?
7
Let d(g) = g. Suppose 74 = -2*f - 3*o, 6 - 38 = f - o. Let s = 32 + f. Give d(s).
-2
Let h(w) = 267 + 255 - 531 - w. What is h(-9)?
0
Let t be 3*1*(10 - 13). Let j(m) = m**3 + 10*m**2 + 6*m - 20. Give j(t).
7
Let f = 3730 - 3727. Let v(d) be the second derivative of d**4/8 - d**3/6 - d**2/2 - d. Let r(s) be the first derivative of v(s). Determine r(f).
8
Let w(z) = -z**2 - 4*z + 5. Let t(u) = -2*u**3 + 4*u**2 - 3*u + 3. Let a be t(3). Let g = 19 + a. Determine w(g).
0
Let v(j) = 2*j**2 - j - 1. Let g(p) = -12*p**2 + 14*p - 1. Let n(l) = -g(l) - 5*v(l). Give n(4).
2
Let i(a) = a**2 - 11*a + 12. Let z(o) = -11*o - 354. Let t be z(-33). Give i(t).
-6
Let z(j) = -j. Let f(b) = -2 + 0 + 3 + 10*b + 10*b. Let p(q) = -f(q) + 2*z(q). Determine p(1).
-23
Let x(l) = 7*l + 1. Let v(q) = 3*q. Let a(g) = -3*v(g) + x(g). Calculate a(-6).
13
Let p be 4*1*(-13)/(-4). Let c = -39 + 17. Let k = c + p. Let l(q) = -q**3 - 10*q**2 - 11*q - 13. What is l(k)?
5
Let q(t) = -t**3 + 9*t**2 - 16*t + 150. Let g be q(9). Let a(y) = -2*y + y + 3 + 0*y. Give a(g).
-3
Let g(c) = -c**2 + 8*c - 5. Let y(x) be the second derivative of x**4/12 - 5*x**3/3 + x**2/2 - 3*x. Let b be y(11). Suppose 0 = 3*m - m - b. What is g(m)?
7
Let t(s) be the third derivative of -23*s**4/24 + 5*s**3/6 + 646*s**2. Give t(3).
-64
Let o be 3 + 1 + 1 + 3. Let w be 12/96 - 25/o. Let h(q) = 2*q + 3. Give h(w).
-3
Let c(v) = -v**2 + 2. Let f = 6 - 4. Let p(q) = 1. Let u(l) = 2*l**2 - l - 7. Let w(m) = -3*p(m) - u(m). Let g be w(f). Determine c(g).
-2
Let r(f) = -f**2 - 9*f - 14. Let u be r(-3). Suppose 38 = 3*y - u*k, 3*k = k - 10. Let l(b) = 2*b - 1. Calculate l(y).
11
Let c(w) = -w + 2. Suppose l = 1, i + 4*i = -5*l + 40. Let x(k) = k - 3. Let v(f) = i*c(f) + 6*x(f). What is v(6)?
-10
Let r(p) = -p**2 - 3*p. Let m(g) be the third derivative of -2*g**4/3 + 29*g**3/6 + 15*g**2. Let k be m(2). Determine r(k).
0
Let u(a) = -a**2 - 6*a - 7. Let p = -194 + 189. What is u(p)?
-2
Suppose -2 = -26*v + 24*v. Suppose v = q - 1. Let b(u) = u**2 + 2*u - 2. What is b(q)?
6
Let h(m) = 13*m**2 - 2*m - 1. Let c(w) = 6*w**2 - 2*w + 5. Let s(z) = -z**2 + 1. Let u(r) = c(r) - 6*s(r). Let x(k) = -6*h(k) + 7*u(k). Give x(-1).
7
Let g(b) = 2*b - 1. Let y be g(3). Suppose -3*f - 5*s - y - 10 = 0, 3 = -2*f - s. Let j be -1 - (-6 - (-1 - f)). Let p(i) = 2*i**2 - 4*i - 4. Give p(j).
12
Let d(r) = -r - 3. Suppose 0 = -2*b - 12 + 26. Calculate d(b).
-10
Let p(x) be the first derivative of -x**3/3 - 3*x**2/2 - 6*x + 919. Calculate p(0).
-6
Let t(m) = 23*m + 23*m - 70*m - m**2 + 25*m. Let q be (-5 + 3 + -3)*-1. Suppose 1 = 4*h + q. Give t(h).
-2
Suppose -16*w = -21*w. Let p(x) = -2*x - x + 1 + w*x + 0. Give p(-6).
19
Suppose 54 = -5*b + t + 3*t, 58 = -5*b + 3*t. Let c(g) = -g - 5. Give c(b).
9
Let f(i) = -6*i**3 - 9*i**2 - 6*i - 1. Let x(l) = -5*l**3 - 9*l**2 - 7*l - 2. Let r(s) = 4*f(s) - 5*x(s). Give r(-7).
27
Let x be 34/51*6/(-2). Let s(f) = -2*f**2 - 3*f - 5. Give s(x).
-7
Suppose 2*n + n = 9. Let p be (-12)/(-18) - (80/n)/4. Let r(s) be the first derivative of s**2 + 7*s + 3. Give r(p).
-5
Suppose -21*t - 3 = -22*t. Let d(a) = -a**2 - t*a - 12*a + 3 - 7*a + 28*a. Calculate d(5).
8
Let u(m) = -3*m - 5. Let n(z) = -7*z + 21. Let v be n(3). What is u(v)?
-5
Let c(p) be the second derivative of 3*p**2 + 1/6*p**3 + 0 - 14*p. Determine c(0).
6
Let c(x) = x**2 - 10*x - 3. Let l = 82 - 73. What is c(l)?
-12
Let a(c) = 34*c - 301. Let h(p) = -11*p + 106. Let o(d) = -6*a(d) - 17*h(d). Determine o(3).
-47
Let s = 619 + -599. Let w(t) = t**3 - 21*t**2 + 19*t + 16. Give w(s).
-4
Let k(g) be the second derivative of -g**4/12 - g**3/2 + 3*g**2 - 209*g. What is k(5)?
-34
Let j(c) be the second derivative of 0 - 1/3*c**3 + 4*c + 0*c**2 - 1/12*c**4. Let f be 2 + (-17)/7 + 44/(-28). Determine j(f).
0
Let r(y) = -y + 3. Let m be r(2). Let x be 48/(-36)*((-10)/4 + m). Let t(c) = c**2 + 1. Calculate t(x).
5
Let a(h) = 7*h**2 - 2*h - 1. Let j = -810 + 809. What is a(j)?
8
Suppose -m + 89 = -4*o, 3*m = -o - 0*m - 19. Let f = 23 + o. Let i(h) = -8*h + 2. Let k(u) = 9*u - 3. Let s(p) = 4*i(p) + 3*k(p). Calculate s(f).
-6
Let g = -9 - -8. Let b(v) = v - 6. Let k(j) = -5. Let q(m) = 6*b(m) - 7*k(m). What is q(g)?
-7
Suppose -2*r = r + 51. Let f = 20 + r. Let j(m) = -7*m + 4 + m + 3*m. Give j(f).
-5
Let x(v) be the third derivative of v**4/24 + 5*v**3/6 - 5*v**2. Let y = -82 + 82. Calculate x(y).
5
Let z = -977 - -981. Let n(t) = t**3 - 4*t**2 + 2*t + 3. Calculate n(z).
11
Let n(y) = -3*y**3 - 10*y**2 - 11*y - 10. Let m(v) = -13*v**3 - 39*v**2 - 43*v - 41. Let o(a) = 2*m(a) - 9*n(a). Determine o(-11).
-14
Let x(i) = -i**2 + 4*i - 4. Suppose -3*w + 5 = -1. Let d be (-264)/(-15) - w/(-5). Suppose 3*o = d - 6. Give x(o).
-4
Let n = -18 - -25. Suppose -27 = 4*j - n*j. Let i(h) = -9 - h + j - 14 + 2*h. Determine i(0).
-14
Let c(b) = b**2 - 8*b + 3. Let o(j) = 6 + 4 + 3 + j - 3. Let k be o(-4). What is c(k)?
-9
Let a(p) = 4*p + 301 - 313 + 2*p - 4*p. Let m(f) = -3*f + 3. Let l be m(-2). Give a(l).
6
Let x(n) = -n**3 - n**2 - 5*n - 1. Let j(z) = -4*z**3 - 4*z**2 - 10*z + 3. Let t(f) = -j(f) + 3*x(f). What is t(3)?
15
Let t(b) = -b + 7. Let a(q) = q**2 - 14*q + 40. Let c(y) = -2*y**2 + 27*y - 81. Let s(f) = 7*a(f) + 3*c(f). Let v be s(15). What is t(v)?
0
Suppose 3 = 3*n - 0*n. Let l(f) = -f**2 + f. Let y(b) = -b**3 - 4*b**2 + 3*b - 9. Let h(r) = n*y(r) + 2*l(r). Determine h(-7).
5
Let i(d) = d**2 + 0 - 9886*d - 1 + 9881*d. Determine i(3).
-7
Let j(m) = -m + 14. Let p be j(12). Let w(z) = 10*z**2 - 2 - z - 5*z**2 - 6*z**2 + 3*z**p. Calculate w(2).
4
Let y(d) = -d**3 + 7*d**2 - 4*d + 2. Suppose m + 5*m - 18 = 0. Suppose -3*g + 14 = 5*z - z, 2*g - m*z - 15 = 0. Give y(g).
14
Let x(h) = h**2 + 2*h - 4. Let s(u) = 35 + 11*u**2 - 38 + 2*u**2 - u**3. Let q be s(13). Calculate x(q).
-1
Let y be 11/(-2 - (-3 + 0)). Let g(a) = 4*a + y - 9*a - 2*a + 6*a. What is g(0)?
11
Let n(u) = -u**3 + 7*u**2 - 7*u + 6. Let j be n(6). Let s(p) be the first derivative of -19 - 1/2*p**2 + 0*p. Determine s(j).
0
Let j(s) = -133 + 3*s + 90 - 19. Give j(22).
4
Suppose -16 = 3*w - w + 2*n, 2*w - 4*n + 16 = 0. Let r = w - -11. Let i(l) = -93*l - 16. Let d(o) = -86*o - 15. Let v(g) = 13*d(g) - 12*i(g). Calculate v(r).
-9
Let g(f) = -2*f - 17. Let h be g(-10). Let 